{"id":98,"date":"2012-04-24T08:26:59","date_gmt":"2012-04-24T08:26:59","guid":{"rendered":"http:\/\/ericregent.com\/?page_id=98"},"modified":"2016-08-31T14:56:29","modified_gmt":"2016-08-31T14:56:29","slug":"changer","status":"publish","type":"page","link":"https:\/\/ericregent.com\/?page_id=98","title":{"rendered":"Changer"},"content":{"rendered":"<p>L&rsquo;accompagnement s&rsquo;adresse \u00e0 <strong>ceux qui souhaitent r\u00e9aliser un profond changement<\/strong>\u00a0pour \u00eatre mieux dans leur peau, am\u00e9liorer leurs relations, avoir plus de go\u00fbt \u00e0 \u00eatre eux-m\u00eames, et pour bien d&rsquo;autres objectifs encore.<\/p>\n<p>L&rsquo;accompagnement s&rsquo;adresse \u00e0 ceux qui, d\u00e9sireux de changer, <strong>ont pris conscience qu&rsquo;ils\u00a0ont besoin d&rsquo;une\u00a0aide<\/strong>.<\/p>\n<p>L&rsquo;accompagnement est fondamentalement une relation humaine, et c&rsquo;est cette relation qui, par elle-m\u00eame, va permettre des changements. Je suis marqu\u00e9 dans ma pratique par les principales formations que j&rsquo;ai re\u00e7ues : Le coaching, la M\u00e9thode Tipi et la M\u00e9thode ESPERE. Mais l&rsquo;essentiel va r\u00e9sider dans la qualit\u00e9 de la relation.<\/p>\n<p><strong>La m\u00e9thode ESPERE \u00ae<\/strong>\u00a0rel\u00e8ve d&rsquo;une conscience que nous avons besoin pour vivre de bonnes relations.\u00a0Celles du pass\u00e9 ont pu provoquer des blessures et des traumatismes et dans ce cas, un soin est sans doute n\u00e9cessaire encore aujourd&rsquo;hui. Aussi elle enseigne \u00e0 la fois des r\u00e8gles pour les comportements relationnels d&rsquo;aujourd&rsquo;hui et elle propose des outils pour travailler les \u00e9v\u00e9nements pass\u00e9s comme les situations pr\u00e9sentes.<\/p>\n<p>Un ost\u00e9opathe m&rsquo;a donn\u00e9 un jour l&rsquo;image du doigt coinc\u00e9 dans une porte. Tant qu&rsquo;il est ainsi coinc\u00e9, il g\u00e8ne tout le corps mais il n&rsquo;est pas tr\u00e8s douloureux : Les connexions nerveuses sont \u00e9trangl\u00e9es.\u00a0De la m\u00eame mani\u00e8re, nous sommes plus ou moins coup\u00e9s de nos \u00e9motions. Mais ce qui est refoul\u00e9 trouve alors\u00a0pour se manifester\u00a0d&rsquo;autres chemins qui d\u00e9rangent : Comportements intempestifs, sympt\u00f4mes, troubles \u00e9motionnels, violences, etc.<br \/>\nQuand le doigt coinc\u00e9 est enfin lib\u00e9r\u00e9, quand le flux de sang se r\u00e9tablit, la douleur se r\u00e9veille et peut prendre une ampleur importante. C&rsquo;est le prix momentan\u00e9 de la vitalit\u00e9 et de la libert\u00e9 durables.\u00a0Changer, c&rsquo;est r\u00e9veiller :\u00a0il faut du courage et de la d\u00e9termination.<\/p>\n<p>Dans une relation d&rsquo;aide efficace,\u00a0<strong>les changements n&rsquo;attendent pas<\/strong>. L&rsquo;accompagnement sera peut-\u00eatre long (c&rsquo;est vous qui le d\u00e9ciderez), mais sa pertinence doit se manifester rapidement.<\/p>\n<p>&nbsp;<\/p>\n","protected":false},"excerpt":{"rendered":"<p>L&rsquo;accompagnement s&rsquo;adresse \u00e0 ceux qui souhaitent r\u00e9aliser un profond changement\u00a0pour \u00eatre mieux dans leur peau, am\u00e9liorer leurs relations, avoir plus de go\u00fbt \u00e0 \u00eatre eux-m\u00eames, et pour bien d&rsquo;autres objectifs encore. L&rsquo;accompagnement s&rsquo;adresse \u00e0 ceux qui, d\u00e9sireux de changer, ont pris conscience qu&rsquo;ils\u00a0ont besoin d&rsquo;une\u00a0aide. L&rsquo;accompagnement est fondamentalement une relation humaine, et c&rsquo;est cette relation [&hellip;]<\/p>\n","protected":false},"author":1,"featured_media":0,"parent":0,"menu_order":1,"comment_status":"closed","ping_status":"open","template":"","meta":{"footnotes":""},"class_list":["post-98","page","type-page","status-publish","hentry"],"_links":{"self":[{"href":"https:\/\/ericregent.com\/index.php?rest_route=\/wp\/v2\/pages\/98","targetHints":{"allow":["GET"]}}],"collection":[{"href":"https:\/\/ericregent.com\/index.php?rest_route=\/wp\/v2\/pages"}],"about":[{"href":"https:\/\/ericregent.com\/index.php?rest_route=\/wp\/v2\/types\/page"}],"author":[{"embeddable":true,"href":"https:\/\/ericregent.com\/index.php?rest_route=\/wp\/v2\/users\/1"}],"replies":[{"embeddable":true,"href":"https:\/\/ericregent.com\/index.php?rest_route=%2Fwp%2Fv2%2Fcomments&post=98"}],"version-history":[{"count":46,"href":"https:\/\/ericregent.com\/index.php?rest_route=\/wp\/v2\/pages\/98\/revisions"}],"predecessor-version":[{"id":667,"href":"https:\/\/ericregent.com\/index.php?rest_route=\/wp\/v2\/pages\/98\/revisions\/667"}],"wp:attachment":[{"href":"https:\/\/ericregent.com\/index.php?rest_route=%2Fwp%2Fv2%2Fmedia&parent=98"}],"curies":[{"name":"wp","href":"https:\/\/api.w.org\/{rel}","templated":true}]}}