{"id":29,"date":"2012-04-20T09:16:25","date_gmt":"2012-04-20T09:16:25","guid":{"rendered":"http:\/\/ericregent.com\/?page_id=29"},"modified":"2012-08-01T06:06:44","modified_gmt":"2012-08-01T06:06:44","slug":"soins-relationnels","status":"publish","type":"page","link":"https:\/\/ericregent.com\/?page_id=29","title":{"rendered":"Soins relationnels"},"content":{"rendered":"<p><strong>Indications :<\/strong><br \/>\n&#8211; Difficult\u00e9s dans les relations conjugale, amicales, professionnelles, ou inter-g\u00e9n\u00e9rationnelles : avec des parents ou des enfants<br \/>\n&#8211; Violences subies ou compulsives, harc\u00e8lement, stress<br \/>\n&#8211; D\u00e9sir de sortir d&rsquo;une situation de soumission \u00e0 l&rsquo;autre, de victime<br \/>\n&#8211; D\u00e9sir d&rsquo;explorer ce qui s&rsquo;est jou\u00e9 dans des relations pass\u00e9es (enfance, \u00e9checs relationnels, blessures relationnelles, \u00e9v\u00e8nements jamais dig\u00e9r\u00e9s, etc.)<br \/>\n&#8211; D\u00e9sir de ne pas reproduire un scenario dans une relation nouvelle<\/p>\n<p>&nbsp;<\/p>\n<p><strong>Mes principales mani\u00e8res de faire sont :<\/strong><br \/>\n&#8211; <strong>des entretiens<\/strong> en face \u00e0 face ou c\u00f4te \u00e0 c\u00f4te, dans des si\u00e8ges identiques. Pas de divan.<br \/>\n&#8211; <strong>l&rsquo;\u00e9coute centr\u00e9e sur la personne<\/strong> (dans ce domaine, je me r\u00e9f\u00e8re \u00e0 Carl Rogers).<br \/>\n&#8211;<strong> l&rsquo;\u00e9coute active<\/strong> en proposant l&rsquo;usage d&rsquo;objets h\u00e9t\u00e9roclites qui permettent de visualiser les situations \u00e9voqu\u00e9es.<br \/>\n&#8211; <strong>la parole<\/strong> : je parle, je m&rsquo;implique, j&rsquo;aide parfois \u00e0 mettre des mots sur le v\u00e9cu de la personne, je t\u00e9moigne parfois de ce que je ressens dans l&rsquo;entretien. J&rsquo;accepte d&rsquo;\u00eatre interpell\u00e9.<br \/>\n&#8211; <strong>proposer des d\u00e9marches<\/strong> pour \u00ab\u00a0nettoyer\u00a0\u00bb et soigner les relations pr\u00e9sentes et pass\u00e9es.<br \/>\n&#8211; <strong>proposer<\/strong>\u00a0<strong>la peinture spontan\u00e9e<\/strong> pour favoriser l&rsquo;expression de ce qui habite l&rsquo;inconscient. Voir le lien \u00e0 droite vers mon blog.<\/p>\n<p>Dans ce domaine des soins relationnels, <strong>je propose des entretiens de 1h30 \u00e0 2h00<\/strong>. J&rsquo;exp\u00e9rimente que les v\u00e9ritables lib\u00e9rations sont celles qui mettent en jeu nos \u00e9motions. Or les plus profondes ne se manifestent pas dans la pr\u00e9cipitation d&rsquo;un entretien chronom\u00e9tr\u00e9, mais dans un climat de confiance o\u00f9 la personne peut rejoindre des zones int\u00e9rieures sensibles dans la s\u00e9curit\u00e9. Il y faut du temps.<\/p>\n<p><a href=\"https:\/\/ericregent.com\/wp-content\/uploads\/2012\/04\/Mon-bureau1.jpg\"><img loading=\"lazy\" decoding=\"async\" class=\"alignleft size-medium wp-image-208\" title=\"Mon bureau\" src=\"https:\/\/ericregent.com\/wp-content\/uploads\/2012\/04\/Mon-bureau1-300x224.jpg\" alt=\"\" width=\"300\" height=\"224\" srcset=\"https:\/\/ericregent.com\/wp-content\/uploads\/2012\/04\/Mon-bureau1-300x224.jpg 300w, https:\/\/ericregent.com\/wp-content\/uploads\/2012\/04\/Mon-bureau1.jpg 630w\" sizes=\"auto, (max-width: 300px) 100vw, 300px\" \/><\/a><\/p>\n<p>Ayant exp\u00e9riment\u00e9 pour moi-m\u00eame des entretiens de 45mn, j&rsquo;ai constat\u00e9 qu&rsquo;inconsciemment j&rsquo;avais int\u00e9gr\u00e9 la bri\u00e8vet\u00e9 de l&rsquo;entretien. Je vivais peu d&rsquo;\u00e9motions et ces entretiens provoquaient peu de changements.<\/p>\n<p>&nbsp;<\/p>\n<p>&nbsp;<\/p>\n<p>Photo ci-contre : Le cabinet d&rsquo;accompagnement vu du si\u00e8ge du client.<\/p>\n","protected":false},"excerpt":{"rendered":"<p>Indications : &#8211; Difficult\u00e9s dans les relations conjugale, amicales, professionnelles, ou inter-g\u00e9n\u00e9rationnelles : avec des parents ou des enfants &#8211; Violences subies ou compulsives, harc\u00e8lement, stress &#8211; D\u00e9sir de sortir d&rsquo;une situation de soumission \u00e0 l&rsquo;autre, de victime &#8211; D\u00e9sir d&rsquo;explorer ce qui s&rsquo;est jou\u00e9 dans des relations pass\u00e9es (enfance, \u00e9checs relationnels, blessures relationnelles, \u00e9v\u00e8nements [&hellip;]<\/p>\n","protected":false},"author":1,"featured_media":0,"parent":239,"menu_order":1,"comment_status":"closed","ping_status":"open","template":"","meta":{"footnotes":""},"class_list":["post-29","page","type-page","status-publish","hentry"],"_links":{"self":[{"href":"https:\/\/ericregent.com\/index.php?rest_route=\/wp\/v2\/pages\/29","targetHints":{"allow":["GET"]}}],"collection":[{"href":"https:\/\/ericregent.com\/index.php?rest_route=\/wp\/v2\/pages"}],"about":[{"href":"https:\/\/ericregent.com\/index.php?rest_route=\/wp\/v2\/types\/page"}],"author":[{"embeddable":true,"href":"https:\/\/ericregent.com\/index.php?rest_route=\/wp\/v2\/users\/1"}],"replies":[{"embeddable":true,"href":"https:\/\/ericregent.com\/index.php?rest_route=%2Fwp%2Fv2%2Fcomments&post=29"}],"version-history":[{"count":38,"href":"https:\/\/ericregent.com\/index.php?rest_route=\/wp\/v2\/pages\/29\/revisions"}],"predecessor-version":[{"id":510,"href":"https:\/\/ericregent.com\/index.php?rest_route=\/wp\/v2\/pages\/29\/revisions\/510"}],"up":[{"embeddable":true,"href":"https:\/\/ericregent.com\/index.php?rest_route=\/wp\/v2\/pages\/239"}],"wp:attachment":[{"href":"https:\/\/ericregent.com\/index.php?rest_route=%2Fwp%2Fv2%2Fmedia&parent=29"}],"curies":[{"name":"wp","href":"https:\/\/api.w.org\/{rel}","templated":true}]}}